 = -5*l**2 - 1. Let w be g(1). Let p(h) = w*z(h) + 5*n(h). Calculate p(5).
2
Let d(n) be the third derivative of -1/30*n**5 - 1/24*n**4 + 0 - n + 1/120*n**6 + 36*n**2 - 1/6*n**3. Determine d(3).
5
Let f(c) = -c**2 - 16*c + 41. Let n(u) = 116*u + 1373. Let z be n(-12). Calculate f(z).
-16
Let b(d) = 2*d - 1. Let x(k) = 7*k**2 + k - 6. Let p be x(-4). Let m = 86 - p. Let q be (-8)/(-2) + (3*m)/8. Determine b(q).
-5
Let n = -91 - -108. Let k(m) = -m**3 + m - 5*m**3 + n*m**3 - 7*m**3. Suppose 3 = 4*a - 1. Give k(a).
5
Let j = 7291 + -7295. Let x(v) = 2*v**3 + 6*v**2 + 2*v + 7. Determine x(j).
-33
Let l(k) be the second derivative of 7*k**4/6 - 47*k**3/6 - 21*k**2 + 14*k. Let n(a) = 5*a**2 - 16*a - 14. Let d(j) = -4*l(j) + 11*n(j). Give d(10).
34
Let r be -21 - (29 + -31)*(2 + 2). Let s(m) = -4*m - 29. Give s(r).
23
Let g(a) be the first derivative of -9*a**2/2 + 2*a + 451. What is g(4)?
-34
Let l = -23341 - -23334. Let n(f) = 7*f**2 + 9*f - 10. Let j(z) = -10*z**2 - 14*z + 15. Let a(o) = -5*j(o) - 7*n(o). Determine a(l).
-5
Let w(p) be the second derivative of p**4/12 - p**3/2 + p**2 + 25*p + 23. Determine w(7).
30
Let h(i) = -24*i + 1 - 8 + 1 - 2*i. Let o(n) = -26*n - 5. Let v(s) = 5*h(s) - 6*o(s). What is v(1)?
26
Let r(i) be the third derivative of i**5/60 - 35*i**4/24 - 18*i**3 - 9*i**2 + 2*i - 23. Calculate r(-3).
6
Let i(v) = 6*v**2 - v - 5*v**3 + 6*v**3 - 4 + 3 - 1. Let j(s) = -s**3 - 8*s**2 - 18*s - 42. Let b be j(-6). Calculate i(b).
4
Let c(r) = r**3 + 5*r**2 - 6*r + 6. Let l be (75/20)/(515/(-824)). What is c(l)?
6
Let i(c) = c**2 + c + 5. Let k(z) = -z**2 + 6*z + 32. Let u(d) = 2*d**3 - 5*d**2 - 14*d + 5. Let v be u(4). Let o be k(v). Give i(o).
35
Suppose 2*r - 5*r = -6. Suppose -3*g + 37 = -41. Let z(p) = -76*p**2 + 1 + 49*p**2 - p + g*p**2. Give z(r).
-5
Let z be (-9)/6*4/6. Let l be 1 + (-4)/z*1. Let p(f) = f**2 + f + 1. Let v(k) = k**3 + 10*k + 12. Let g(r) = 6*p(r) - v(r). Give g(l).
-1
Let u(d) = -21*d - 7. Let h be 32/(-12)*51/34. What is u(h)?
77
Let b(q) = -2*q + 6. Suppose 4*a = 3*t - 8*t + 528, -5*t - 20 = 0. Suppose -2 = 5*d - a. Suppose n + 4*v + 5 = -6, 3*n - d = 3*v. What is b(n)?
-4
Let d(x) be the third derivative of x**9/60480 - x**8/4032 - x**7/1680 + x**6/240 + 53*x**5/60 + 2*x**2. Let u(f) be the third derivative of d(f). Give u(5).
-12
Suppose -2*t - 4*z - 23 = -55, 4*t - 5*z = -1. Let n(o) = -4*o**2 - 13*o - 7. Let i(d) = 5*d**2 + 13*d + 9. Let u(p) = t*n(p) + 5*i(p). Calculate u(13).
3
Suppose -157 - 29 = -6*s. Let k(w) = 3 + s*w + 1 + w**2 - 32*w - 2*w**2. Let q(c) = -c**2 + 6*c - 2. Let h be q(5). Give k(h).
-8
Let k(q) = -q + 2. Let r = -22085 - -22096. Determine k(r).
-9
Let g(f) = -f**2 + 6*f + 2. Let w be 9636/(-60) + (-4)/10. Let s = w + 168. Calculate g(s).
-5
Let t = 102 + -100. Let u be (1 - (t + 0)) + -1 + -3. Let v be (u - (-3 - 2))/3. Let s(q) = -q**3 - 2. Determine s(v).
-2
Let m(u) = 106*u - 25*u - u**2 + 31 - 28*u - 19*u - 27*u. Calculate m(10).
1
Let f(m) = -m. Let r be f(6). Suppose -15 = 100*t - 103*t. Let y(k) = 11399*k**2 - 11400*k**2 - 2*k - 4*k + t. Determine y(r).
5
Let w(f) = 3*f**3 - 24*f**2 - 46*f + 62. Let u(j) = 4*j**3 - 25*j**2 - 44*j + 64. Let y(n) = 2*u(n) - 3*w(n). What is y(24)?
-10
Let f = -195 + 197. Let b(d) = -3*d - 6*d + 3*d + 4 + 4*d**2 + 2*d**f + d**3 - 3. Determine b(-7).
-6
Let j(c) = 14*c - 3. Let u(t) = 37*t - 11. Let a(v) = -5*j(v) + 2*u(v). Determine a(1).
-3
Let a(v) = -v**2 - 6*v + 3. Let l(z) = 21*z**2 - 4*z + 1. Let x be l(2). Suppose 4*y + 17 = x. Let c be (-72)/y + -1*(-4)/(-20). Calculate a(c).
8
Let b = -9897 + 9900. Let w(c) = -c**2 - 3*c + 10. Calculate w(b).
-8
Let o = -5 + 8. Let d(b) be the third derivative of -b**6/60 + b**5/15 + b**4/12 - b**3/3 + b**2 - 4275*b. Determine d(o).
-14
Let y(d) = -d**2 - 1. Let w(x) = x + 1. Let a(p) = -5*w(p) + y(p). Let h(j) = -j**2 - 3*j + 15. Let t be h(-5). Suppose -t = 12*i - 11*i. Give a(i).
-6
Let s(n) = 1 - n - 13 + 4*n. Let h(f) = -2*f**3 + 3*f**2 + 90*f + 5. Let z be h(-6). What is s(z)?
3
Let r(l) = l**2 - 20*l + 95. Suppose 3*h = 17*h - 126. Let m be r(h). Let y(a) = a - 3. Determine y(m).
-7
Let j(a) = a**2 + 2*a - 88. Let w be (-1)/((-2)/(-20)) - (-15 - (42 - 58)). Determine j(w).
11
Let m(c) = -c**3 - 10*c**2 + 15*c + 19. Let n = -5252 + 5240. Calculate m(n).
127
Let x be (-6)/8 - 19/(-4). Let g(m) be the first derivative of m**3/2 + 2*m**2 + 58*m + 113. Let r(v) be the first derivative of g(v). Give r(x).
16
Let k(q) = q**2 + 3*q - 13. Let z be k(-6). Let f(c) = 86 + 17*c**3 - 85 + z*c**3. What is f(1)?
23
Suppose -20*f = -3*f. Suppose 4*v + 0*r + r = -15, -2*v - 5*r + 15 = f. Let x(l) = -2*l**2 - 5*l - 6. What is x(v)?
-31
Let p(n) be the first derivative of -n**2/2 + 1. Let v = 380 - 354. Suppose t + 39*f = 42*f + 9, 2*t + 5*f + v = 0. Give p(t).
3
Let a(v) = 139 - 257 - 5*v + 124. Give a(3).
-9
Let z(w) = w**2 + 2*w - 18. Suppose -251*g = -254*g - 5*y - 17, -4*g + y - 38 = 0. Calculate z(g).
45
Let n be (116/406)/((-1)/28). Let v(a) = -23*a - 185. Determine v(n).
-1
Let s(g) = 23*g**3 - 21*g**2 - 12. Let z(o) = 4*o**3 - o**2 - 3. Let q(f) = s(f) - 6*z(f). Give q(-15).
6
Let j(h) = -3*h**3 + 4*h**2 - h - 3. Let s(k) = -2*k**3 + 4*k**2 - k - 3. Let t = -67 - -63. Let b be 8/(2 - -2) - -1. Let x(m) = b*j(m) + t*s(m). Give x(-3).
-9
Let s(f) = -21 + 591*f + 5*f**2 - 4*f**2 + 606*f - 1191*f. What is s(-8)?
-5
Let q be (-18 + 20 + 0)*9/2. Let l(y) = -y**3 + 11*y**2 - 4*y - 11. Give l(q).
115
Let k(t) = -11*t**2 + 4*t - 3. Let s be k(1). Let b be (-183)/(-15) + 1/s*2. Let l(a) = -15*a + 10*a + b*a. Give l(2).
14
Let s(n) = -13*n**2 + 39*n - 28. Suppose -4*g + 3*q = q + 22, -2*g = -5*q + 7. Let j(p) = 7*p**2 - 18*p + 13. Let c(v) = g*s(v) - 13*j(v). What is c(1)?
-14
Let h(k) = k**2 + 2*k - 8. Let q be h(-4). Suppose q = -g - 28 + 31. Let s(z) = 0 + z**3 - 1 - 2*z**2 - 2 + 0*z**3. What is s(g)?
6
Let f(c) = -15*c - 27 - 4*c**2 + 28 + 10*c. Let j be f(1). Let a(d) = -d**2 - 8*d - 4. Give a(j).
-4
Let s(j) = 1 + 710*j - 3 - 712*j. Let w(f) = -9*f - 39. Let r(y) = -6*s(y) + w(y). Determine r(8).
-3
Let p be 612/10 + (-195)/(-25) + -8. Suppose -38 = -11*n + p. Let x(b) = b - 17. Give x(n).
-8
Suppose 8 + 12 = 4*n. Suppose 3*r = -0*w - 2*w + 144, -5*w = n*r - 355. Suppose w = -11*h - 30. Let a(z) = -z**2 - 10*z - 3. What is a(h)?
6
Let b = -13390 + 13389. Let c(t) = 9*t**2 - 4*t + 1. Let k(g) = -10*g**2 + 5*g - 2. Let y(n) = 4*c(n) + 3*k(n). Determine y(b).
5
Let h(g) = -37. Let o(a) = 17. Let u(b) = 6*h(b) + 13*o(b). Let m(y) = 7*y - 5. Let x(r) = -m(r) - 2*u(r). Determine x(6).
-35
Suppose 4*l - 7 = -6*a + 5*a, l - 5*a - 7 = 0. Let h(i) = 4*i + 23*i**2 - 36*i**l + 1 + 14*i**2 + 7. Determine h(-6).
20
Suppose -5*w - 84 = -11*w. Let i(x) = -8*x + 20. Let m be i(w). Let a = 96 + m. Let q(s) = 3*s - 5. Give q(a).
7
Let g(i) be the first derivative of -1/4*i**4 - 7*i - 1/2*i**2 + 5/3*i**3 + 87. Give g(5).
-12
Let w(z) = -252 - 10863619*z**2 + 10863620*z**2 + 9*z - 74. Determine w(14).
-4
Let q(d) = 1066*d - 5338. Let z be q(5). Let f(t) = 16*t + 91. Give f(z).
-37
Let y(f) = -2*f - 7. Let c(a) = -99*a - 385. Let s(b) = -c(b) + 44*y(b). What is s(-7)?
0
Suppose -1092*k + 1088*k - 4 = 0, 11 = -5*x + 4*k. Let f(z) = -6*z - 23. Determine f(x).
-5
Let f(c) = -12*c - 509. Let x be f(-43). Let l(y) = -y**3 + 7*y**2 + 8*y - 4. Calculate l(x).
52
Let o(x) = 3*x - 9. Let t(m) = -10*m + 31. Suppose -5*q - 77 = 6*q. Let n(p) = q*o(p) - 2*t(p). Give n(5).
-4
Let y(x) = -57800*x - 57803*x + 115602*x + 43. Calculate y(-3).
46
Let y(w) = w**3 + w**2 + w - 8. Let k be y(0). Let f(r) be the first derivative of -r**3/3 - 4*r**2 + 4*r + 762. Calculate f(k).
4
Let s(i) be the third derivative of -i**8/6720 + i**7/280 - i**6/144 + 11*i**5/120 - 77*i**4/24 - 47*i**2. Let d(h) be the second derivative of s(h). Give d(8).
35
Let c(j) = -j**2 + 8*j - 3. Suppose t + 8*s = 3*s + 20, 5*t + 20 = 5*s. Suppose t = -12*w - 22 + 70. What is c(w)?
13
Suppose 5*o = b - 23, -11*o = 4*b - 8*o. Let a(c) = 2*c + 9. Let d(i) = -2*i - 9. Let x(s) = b*d(s) + 2*a(s). Let w = 22 + -30. Calculate x(w).
7
Let i(l) = -l**2 + 4*l - 1. Let b be 51/(-34)*(16/6)/(-2). Let w be i(b). Let o(r) = -r**w + 7*r - 12*r**2 + 5 + 10*r**2 + 9*r**2. What is o(8)?
-3
Let d(f